{"id":131,"date":"2013-08-11T19:22:53","date_gmt":"2013-08-11T19:22:53","guid":{"rendered":"http:\/\/localhost:8888\/test\/?page_id=532"},"modified":"2023-11-30T12:23:16","modified_gmt":"2023-11-30T11:23:16","slug":"contact","status":"publish","type":"page","link":"https:\/\/rieser-tropfen.de\/shop\/contact\/","title":{"rendered":"Contact + FAQ"},"content":{"rendered":"\n<div class=\"row\"  id=\"row-1380621025\">\n\n\n\t<div id=\"col-1118193860\" class=\"col medium-6 large-6\"  >\n\t\t\t\t<div class=\"col-inner\"  >\n\t\t\t\n\t\t\t\n\n<div class=\"container section-title-container\" ><h3 class=\"section-title section-title-normal\"><b aria-hidden=\"true\"><\/b><span class=\"section-title-main\" >Fragen und Antworten<\/span><b aria-hidden=\"true\"><\/b><\/h3><\/div>\n\n<p class=\"lead\">Einzelheiten zur Abwicklung Ihrer Bestellung!<\/p>\n<div class=\"accordion\">\n\n\t<div id=\"accordion-1156036136\" class=\"accordion-item\">\n\t\t<a id=\"accordion-1156036136-label\" class=\"accordion-title plain\" href=\"#accordion-item-welche-versandkosten-fallen-bei-einer-bestellung-im-onlineshop-an?\" aria-expanded=\"false\" aria-controls=\"accordion-1156036136-content\">\n\t\t\t<button class=\"toggle\" aria-label=\"Umschalten\"><i class=\"icon-angle-down\" aria-hidden=\"true\"><\/i><\/button>\n\t\t\t<span>Welche Versandkosten fallen bei einer Bestellung im Onlineshop an?<\/span>\n\t\t<\/a>\n\t\t<div id=\"accordion-1156036136-content\" class=\"accordion-inner\" aria-labelledby=\"accordion-1156036136-label\">\n\t\t\t\n\n<p>Leider k\u00f6nnen wir ab sofort nicht mehr versandkostenfrei liefern, da s\u00e4mtliche Logistiker Ihre Preise stark erh\u00f6ht haben. Pro Bestellung fallen deshalb innerhalb der BRD ein Versandkostenanteil von \u20ac 9,00 an. F\u00fcr Lieferungen ins Europ\u00e4ische Ausland fragen Sie uns bitte \u00fcber unsere email: info@rieser-tropfen.de \u2013\u00a0 an.<\/p>\n\n\t\t<\/div>\n\t<\/div>\n\t\n\t<div id=\"accordion-2239192761\" class=\"accordion-item\">\n\t\t<a id=\"accordion-2239192761-label\" class=\"accordion-title plain\" href=\"#accordion-item-welche-zahlungsmethoden-akzeptieren-wir?\" aria-expanded=\"false\" aria-controls=\"accordion-2239192761-content\">\n\t\t\t<button class=\"toggle\" aria-label=\"Umschalten\"><i class=\"icon-angle-down\" aria-hidden=\"true\"><\/i><\/button>\n\t\t\t<span>Welche Zahlungsmethoden akzeptieren wir?<\/span>\n\t\t<\/a>\n\t\t<div id=\"accordion-2239192761-content\" class=\"accordion-inner\" aria-labelledby=\"accordion-2239192761-label\">\n\t\t\t\n\n<p>Sie k\u00f6nnen bei uns bequem mit \u00dcberweisung (nach Warenerhalt \u2013 Rechnung liegt bei), oder paypal \u00fcberweisen. Bei Neukunden oder Kunden mit schlechter Zahlungsmoral behalten wir uns Bezahlung mit Vorkasse vor.<\/p>\n\n\t\t<\/div>\n\t<\/div>\n\t\n\t<div id=\"accordion-1951317786\" class=\"accordion-item\">\n\t\t<a id=\"accordion-1951317786-label\" class=\"accordion-title plain\" href=\"#accordion-item-mit-welchen-lieferzeiten-muss-ich-rechnen?\" aria-expanded=\"false\" aria-controls=\"accordion-1951317786-content\">\n\t\t\t<button class=\"toggle\" aria-label=\"Umschalten\"><i class=\"icon-angle-down\" aria-hidden=\"true\"><\/i><\/button>\n\t\t\t<span>Mit welchen Lieferzeiten muss ich rechnen?<\/span>\n\t\t<\/a>\n\t\t<div id=\"accordion-1951317786-content\" class=\"accordion-inner\" aria-labelledby=\"accordion-1951317786-label\">\n\t\t\t\n\n<p>Lieferungen innerhalb Deutschlands sind innerhalb von 1-2 Werktagen beim Empf\u00e4nger.<\/p>\n\n\t\t<\/div>\n\t<\/div>\n\t\n\t<div id=\"accordion-1012646585\" class=\"accordion-item\">\n\t\t<a id=\"accordion-1012646585-label\" class=\"accordion-title plain\" href=\"#accordion-item-kann-ich-produkte-auch-zur\u00fcckgeben--bekomme-ich-mein-geld-zur\u00fcck?\" aria-expanded=\"false\" aria-controls=\"accordion-1012646585-content\">\n\t\t\t<button class=\"toggle\" aria-label=\"Umschalten\"><i class=\"icon-angle-down\" aria-hidden=\"true\"><\/i><\/button>\n\t\t\t<span>Kann ich Produkte auch zur\u00fcckgeben- bekomme ich mein Geld zur\u00fcck?<\/span>\n\t\t<\/a>\n\t\t<div id=\"accordion-1012646585-content\" class=\"accordion-inner\" aria-labelledby=\"accordion-1012646585-label\">\n\t\t\t\n\n<p>Wir produzieren Produkte zum Verzehr, die nach Anbruch nicht mehr an uns zur\u00fcckgesandt werden k\u00f6nnen. Falls Fehler in der Zusammenstellung der Lieferung = entspricht nicht Ihrer schriftlichen Bestellung von unserer Seite auftreten, kontaktieren Sie uns bitte und wir werden Ihnen einen R\u00fccksende-Paketschein zukommen lassen. Die Ware muss dann in einem einwandfreiem Zustand zu uns zur\u00fcckkommen, d.h. sauber (Flasche und Etikett) und mit Originalverschlu\u00df.<\/p>\n<p>F\u00fcr korrekte R\u00fccksendungen s.o. bekommen Sie den Warenwert auf Ihr Konto gutgeschrieben.Bitte legen Sie der R\u00fccksendung eine Kopie der Originalrechnung und einen Ausdruck der email mit Ank\u00fcndigung der R\u00fccksendung bei.<\/p>\n<p>Bei R\u00fccksendungen, die durch unser Verschulden entstanden, erhalten Sie einen kostenlosen Paketschein, den Sie \u00e4u\u00dferlich auf Ihr Paket kleben und bei Ihrem n\u00e4chsten DPD-Paketshop abgeben k\u00f6nnen. Eine \u00dcbersicht finden Sie auf der webside: www.paketnavigator.de.<\/p>\n<p>Bei allen anderen R\u00fccksendungen tragen Sie die Versandkosten.<\/p>\n\n\t\t<\/div>\n\t<\/div>\n\t\n\t<div id=\"accordion-3646786181\" class=\"accordion-item\">\n\t\t<a id=\"accordion-3646786181-label\" class=\"accordion-title plain\" href=\"#accordion-item-wie-ist-der-ablauf-nach-einer-bestellung?\" aria-expanded=\"false\" aria-controls=\"accordion-3646786181-content\">\n\t\t\t<button class=\"toggle\" aria-label=\"Umschalten\"><i class=\"icon-angle-down\" aria-hidden=\"true\"><\/i><\/button>\n\t\t\t<span>Wie ist der Ablauf nach einer Bestellung?<\/span>\n\t\t<\/a>\n\t\t<div id=\"accordion-3646786181-content\" class=\"accordion-inner\" aria-labelledby=\"accordion-3646786181-label\">\n\t\t\t\n\n<p>Sofort nach der Bestellung erhalten Sie von unserem System eine Bestell-Best\u00e4tigung mit Angabe Ihrer Produkte.<\/p>\n\n\t\t<\/div>\n\t<\/div>\n\t\n\t<div id=\"accordion-881924481\" class=\"accordion-item\">\n\t\t<a id=\"accordion-881924481-label\" class=\"accordion-title plain\" href=\"#accordion-item-wie-erhalte-ich-meine-rechnung?\" aria-expanded=\"false\" aria-controls=\"accordion-881924481-content\">\n\t\t\t<button class=\"toggle\" aria-label=\"Umschalten\"><i class=\"icon-angle-down\" aria-hidden=\"true\"><\/i><\/button>\n\t\t\t<span>Wie erhalte ich meine Rechnung?<\/span>\n\t\t<\/a>\n\t\t<div id=\"accordion-881924481-content\" class=\"accordion-inner\" aria-labelledby=\"accordion-881924481-label\">\n\t\t\t\n\n<p>Ihre Warenrechnung liegt der Sendung bei. Auf Wunsch mailen wir diese auch an Ihre email-Adresse.<\/p>\n\n\t\t<\/div>\n\t<\/div>\n\t\n\n<\/div>\n\n\t\t<\/div>\n\t\t\t\t\t<\/div>\n\n\t\n\n\t<div id=\"col-213714041\" class=\"col medium-6 large-6\"  >\n\t\t\t\t<div class=\"col-inner\"  >\n\t\t\t\n\t\t\t\n\n<div class=\"container section-title-container\" ><h3 class=\"section-title section-title-normal\"><b aria-hidden=\"true\"><\/b><span class=\"section-title-main\" >Wir freuen uns auf Sie<\/span><b aria-hidden=\"true\"><\/b><\/h3><\/div>\n\n\t<div id=\"text-789011787\" class=\"text\">\n\t\t\n\n<p style=\"text-align: center;\">Bei weiteren Fragen und Anregungen mailen Sie uns bitte direkt an:<\/p>\n<p style=\"text-align: center;\"><span data-text-=\"\">info@rieser-tropfen.de<\/span><\/p>\n<p>&nbsp;<\/p>\n<p style=\"text-align: center;\">oder rufen Sie uns an: 0049 (0)9081 4663<\/p>\n<p>&nbsp;<\/p>\n<p style=\"text-align: center;\">Noch besser &#8211; kommen Sie direkt bei uns vorbei in der<\/p>\n<p style=\"text-align: center;\">B\u00fcrgermeister-Reiger-Str. 8 &#8211; 86720 N\u00f6rdlingen<\/p>\n\t\t\n<style>\n#text-789011787 {\n  font-size: 1.15rem;\n  line-height: 1.3;\n  color: rgb(247, 110, 13);\n}\n#text-789011787 > * {\n  color: rgb(247, 110, 13);\n}\n<\/style>\n\t<\/div>\n\t\n\n\t\t<\/div>\n\t\t\t\t\t<\/div>\n\n\t\n\n<\/div>\n\n","protected":false},"excerpt":{"rendered":"","protected":false},"author":1,"featured_media":0,"parent":0,"menu_order":0,"comment_status":"closed","ping_status":"closed","template":"page-blank.php","meta":{"footnotes":""},"class_list":["post-131","page","type-page","status-publish","hentry"],"yoast_head":"<!-- This site is optimized with the Yoast SEO plugin v27.5 - https:\/\/yoast.com\/product\/yoast-seo-wordpress\/ -->\n<title>Contact + FAQ - Vitzthum Shop<\/title>\n<meta name=\"robots\" content=\"index, follow, max-snippet:-1, max-image-preview:large, max-video-preview:-1\" \/>\n<link rel=\"canonical\" href=\"https:\/\/rieser-tropfen.de\/shop\/contact\/\" \/>\n<meta property=\"og:locale\" content=\"de_DE\" \/>\n<meta property=\"og:type\" content=\"article\" \/>\n<meta property=\"og:title\" content=\"Contact + FAQ - Vitzthum Shop\" \/>\n<meta property=\"og:url\" content=\"https:\/\/rieser-tropfen.de\/shop\/contact\/\" \/>\n<meta property=\"og:site_name\" content=\"Vitzthum Shop\" \/>\n<meta property=\"article:publisher\" content=\"https:\/\/www.facebook.com\/vitzthum.destillerie\/?locale=de_DE\" \/>\n<meta property=\"article:modified_time\" content=\"2023-11-30T11:23:16+00:00\" \/>\n<meta name=\"twitter:card\" content=\"summary_large_image\" \/>\n<meta name=\"twitter:label1\" content=\"Gesch\u00e4tzte Lesezeit\" \/>\n\t<meta name=\"twitter:data1\" content=\"3\u00a0Minuten\" \/>\n<script type=\"application\/ld+json\" class=\"yoast-schema-graph\">{\"@context\":\"https:\\\/\\\/schema.org\",\"@graph\":[{\"@type\":\"WebPage\",\"@id\":\"https:\\\/\\\/rieser-tropfen.de\\\/shop\\\/contact\\\/\",\"url\":\"https:\\\/\\\/rieser-tropfen.de\\\/shop\\\/contact\\\/\",\"name\":\"Contact + FAQ - Vitzthum Shop\",\"isPartOf\":{\"@id\":\"https:\\\/\\\/rieser-tropfen.de\\\/shop\\\/#website\"},\"datePublished\":\"2013-08-11T19:22:53+00:00\",\"dateModified\":\"2023-11-30T11:23:16+00:00\",\"breadcrumb\":{\"@id\":\"https:\\\/\\\/rieser-tropfen.de\\\/shop\\\/contact\\\/#breadcrumb\"},\"inLanguage\":\"de\",\"potentialAction\":[{\"@type\":\"ReadAction\",\"target\":[\"https:\\\/\\\/rieser-tropfen.de\\\/shop\\\/contact\\\/\"]}]},{\"@type\":\"BreadcrumbList\",\"@id\":\"https:\\\/\\\/rieser-tropfen.de\\\/shop\\\/contact\\\/#breadcrumb\",\"itemListElement\":[{\"@type\":\"ListItem\",\"position\":1,\"name\":\"Home\",\"item\":\"https:\\\/\\\/rieser-tropfen.de\\\/shop\\\/\"},{\"@type\":\"ListItem\",\"position\":2,\"name\":\"Contact + FAQ\"}]},{\"@type\":\"WebSite\",\"@id\":\"https:\\\/\\\/rieser-tropfen.de\\\/shop\\\/#website\",\"url\":\"https:\\\/\\\/rieser-tropfen.de\\\/shop\\\/\",\"name\":\"Vitzthum Shop\",\"description\":\"handgemachte Beerengeister, Obstbr\u00e4nde und Kr\u00e4uter- sowie Fruchtlik\u00f6re\",\"publisher\":{\"@id\":\"https:\\\/\\\/rieser-tropfen.de\\\/shop\\\/#organization\"},\"potentialAction\":[{\"@type\":\"SearchAction\",\"target\":{\"@type\":\"EntryPoint\",\"urlTemplate\":\"https:\\\/\\\/rieser-tropfen.de\\\/shop\\\/?s={search_term_string}\"},\"query-input\":{\"@type\":\"PropertyValueSpecification\",\"valueRequired\":true,\"valueName\":\"search_term_string\"}}],\"inLanguage\":\"de\"},{\"@type\":\"Organization\",\"@id\":\"https:\\\/\\\/rieser-tropfen.de\\\/shop\\\/#organization\",\"name\":\"Vitzthum GmbH\",\"url\":\"https:\\\/\\\/rieser-tropfen.de\\\/shop\\\/\",\"logo\":{\"@type\":\"ImageObject\",\"inLanguage\":\"de\",\"@id\":\"https:\\\/\\\/rieser-tropfen.de\\\/shop\\\/#\\\/schema\\\/logo\\\/image\\\/\",\"url\":\"https:\\\/\\\/rieser-tropfen.de\\\/shop\\\/wp-content\\\/uploads\\\/2021\\\/03\\\/Logo-Vitzthum-2021-gold.jpg\",\"contentUrl\":\"https:\\\/\\\/rieser-tropfen.de\\\/shop\\\/wp-content\\\/uploads\\\/2021\\\/03\\\/Logo-Vitzthum-2021-gold.jpg\",\"width\":149,\"height\":69,\"caption\":\"Vitzthum GmbH\"},\"image\":{\"@id\":\"https:\\\/\\\/rieser-tropfen.de\\\/shop\\\/#\\\/schema\\\/logo\\\/image\\\/\"},\"sameAs\":[\"https:\\\/\\\/www.facebook.com\\\/vitzthum.destillerie\\\/?locale=de_DE\"]}]}<\/script>\n<!-- \/ Yoast SEO plugin. -->","yoast_head_json":{"title":"Contact + FAQ - Vitzthum Shop","robots":{"index":"index","follow":"follow","max-snippet":"max-snippet:-1","max-image-preview":"max-image-preview:large","max-video-preview":"max-video-preview:-1"},"canonical":"https:\/\/rieser-tropfen.de\/shop\/contact\/","og_locale":"de_DE","og_type":"article","og_title":"Contact + FAQ - Vitzthum Shop","og_url":"https:\/\/rieser-tropfen.de\/shop\/contact\/","og_site_name":"Vitzthum Shop","article_publisher":"https:\/\/www.facebook.com\/vitzthum.destillerie\/?locale=de_DE","article_modified_time":"2023-11-30T11:23:16+00:00","twitter_card":"summary_large_image","twitter_misc":{"Gesch\u00e4tzte Lesezeit":"3\u00a0Minuten"},"schema":{"@context":"https:\/\/schema.org","@graph":[{"@type":"WebPage","@id":"https:\/\/rieser-tropfen.de\/shop\/contact\/","url":"https:\/\/rieser-tropfen.de\/shop\/contact\/","name":"Contact + FAQ - Vitzthum Shop","isPartOf":{"@id":"https:\/\/rieser-tropfen.de\/shop\/#website"},"datePublished":"2013-08-11T19:22:53+00:00","dateModified":"2023-11-30T11:23:16+00:00","breadcrumb":{"@id":"https:\/\/rieser-tropfen.de\/shop\/contact\/#breadcrumb"},"inLanguage":"de","potentialAction":[{"@type":"ReadAction","target":["https:\/\/rieser-tropfen.de\/shop\/contact\/"]}]},{"@type":"BreadcrumbList","@id":"https:\/\/rieser-tropfen.de\/shop\/contact\/#breadcrumb","itemListElement":[{"@type":"ListItem","position":1,"name":"Home","item":"https:\/\/rieser-tropfen.de\/shop\/"},{"@type":"ListItem","position":2,"name":"Contact + FAQ"}]},{"@type":"WebSite","@id":"https:\/\/rieser-tropfen.de\/shop\/#website","url":"https:\/\/rieser-tropfen.de\/shop\/","name":"Vitzthum Shop","description":"handgemachte Beerengeister, Obstbr\u00e4nde und Kr\u00e4uter- sowie Fruchtlik\u00f6re","publisher":{"@id":"https:\/\/rieser-tropfen.de\/shop\/#organization"},"potentialAction":[{"@type":"SearchAction","target":{"@type":"EntryPoint","urlTemplate":"https:\/\/rieser-tropfen.de\/shop\/?s={search_term_string}"},"query-input":{"@type":"PropertyValueSpecification","valueRequired":true,"valueName":"search_term_string"}}],"inLanguage":"de"},{"@type":"Organization","@id":"https:\/\/rieser-tropfen.de\/shop\/#organization","name":"Vitzthum GmbH","url":"https:\/\/rieser-tropfen.de\/shop\/","logo":{"@type":"ImageObject","inLanguage":"de","@id":"https:\/\/rieser-tropfen.de\/shop\/#\/schema\/logo\/image\/","url":"https:\/\/rieser-tropfen.de\/shop\/wp-content\/uploads\/2021\/03\/Logo-Vitzthum-2021-gold.jpg","contentUrl":"https:\/\/rieser-tropfen.de\/shop\/wp-content\/uploads\/2021\/03\/Logo-Vitzthum-2021-gold.jpg","width":149,"height":69,"caption":"Vitzthum GmbH"},"image":{"@id":"https:\/\/rieser-tropfen.de\/shop\/#\/schema\/logo\/image\/"},"sameAs":["https:\/\/www.facebook.com\/vitzthum.destillerie\/?locale=de_DE"]}]}},"_links":{"self":[{"href":"https:\/\/rieser-tropfen.de\/shop\/wp-json\/wp\/v2\/pages\/131","targetHints":{"allow":["GET"]}}],"collection":[{"href":"https:\/\/rieser-tropfen.de\/shop\/wp-json\/wp\/v2\/pages"}],"about":[{"href":"https:\/\/rieser-tropfen.de\/shop\/wp-json\/wp\/v2\/types\/page"}],"author":[{"embeddable":true,"href":"https:\/\/rieser-tropfen.de\/shop\/wp-json\/wp\/v2\/users\/1"}],"replies":[{"embeddable":true,"href":"https:\/\/rieser-tropfen.de\/shop\/wp-json\/wp\/v2\/comments?post=131"}],"version-history":[{"count":35,"href":"https:\/\/rieser-tropfen.de\/shop\/wp-json\/wp\/v2\/pages\/131\/revisions"}],"predecessor-version":[{"id":2663,"href":"https:\/\/rieser-tropfen.de\/shop\/wp-json\/wp\/v2\/pages\/131\/revisions\/2663"}],"wp:attachment":[{"href":"https:\/\/rieser-tropfen.de\/shop\/wp-json\/wp\/v2\/media?parent=131"}],"curies":[{"name":"wp","href":"https:\/\/api.w.org\/{rel}","templated":true}]}}