{"id":2,"date":"2017-10-07T13:54:36","date_gmt":"2017-10-07T11:54:36","guid":{"rendered":"http:\/\/vitzthum.dynamic-cloud.de\/shop5\/?page_id=2"},"modified":"2017-11-19T14:54:57","modified_gmt":"2017-11-19T13:54:57","slug":"rieser-tropfen","status":"publish","type":"page","link":"https:\/\/rieser-tropfen.de\/shop\/shop\/rieser-tropfen\/","title":{"rendered":"Rieser-Tropfen"},"content":{"rendered":"\n  <div class=\"banner has-hover\" id=\"banner-1622433770\">\n          <div class=\"banner-inner fill\">\n        <div class=\"banner-bg fill\" >\n            <img loading=\"lazy\" decoding=\"async\" width=\"479\" height=\"400\" src=\"https:\/\/rieser-tropfen.de\/shop\/wp-content\/uploads\/2017\/11\/Rieser-Tropfen-479x400.jpg\" class=\"bg attachment-medium size-medium\" alt=\"\" \/>                        <div class=\"overlay\"><\/div>            \n                    <\/div>\n\t\t\n        <div class=\"banner-layers container\">\n            <div class=\"fill banner-link\"><\/div>            \n\n   <div id=\"text-box-1001249114\" class=\"text-box banner-layer x50 md-x50 lg-x50 y50 md-y50 lg-y50 res-text\">\n                                <div class=\"text-box-content text dark text-shadow-5\">\n              \n              <div class=\"text-inner text-center\">\n                  \n\n<div class=\"container section-title-container\" style=\"margin-bottom:-16px;\"><h3 class=\"section-title section-title-center\"><b aria-hidden=\"true\"><\/b><span class=\"section-title-main\" >Rieser Tropfen<\/span><b aria-hidden=\"true\"><\/b><\/h3><\/div>\n\n<p class=\"uppercase\"><span style=\"font-size: 120%;\">seit 1912 in aller munde.<\/span><\/p>\n\n              <\/div>\n           <\/div>\n                            \n<style>\n#text-box-1001249114 {\n  margin: 0px 0px 0 0px;\n  width: 60%;\n}\n#text-box-1001249114 .text-box-content {\n  font-size: 100%;\n}\n@media (min-width:550px) {\n  #text-box-1001249114 {\n    width: 68%;\n  }\n}\n<\/style>\n    <\/div>\n \n\n        <\/div>\n      <\/div>\n\n            \n<style>\n#banner-1622433770 {\n  padding-top: 225px;\n}\n#banner-1622433770 .overlay {\n  background-color: rgba(0, 0, 0, 0.47);\n}\n#banner-1622433770 .banner-bg img {\n  object-position: 42% 88%;\n}\n@media (min-width:850px) {\n  #banner-1622433770 {\n    padding-top: 300px;\n  }\n}\n<\/style>\n  <\/div>\n\n\n\n\t<section class=\"section dyc-border-style-thin dark has-mask mask-arrow\" id=\"section_939968105\">\n\t\t<div class=\"section-bg fill\" >\n\t\t\t\t\t\t\t\t\t<div class=\"section-bg-overlay absolute fill\"><\/div><div class=\"loading-spin centered\"><\/div>\n\t\t\t\n\t<div class=\"is-border\"\n\t\tstyle=\"border-color:rgb(221, 153, 51);border-width:2px 0px 0px 0px;margin:0px 0px 0px 0px;\">\n\t<\/div>\n\n\t\t<\/div>\n\n\t\t\n\n\t\t<div class=\"section-content relative\">\n\t\t\t\n\n<div class=\"row align-middle\"  id=\"row-2055969425\">\n\n\n\t<div id=\"col-1626828487\" class=\"col small-12 large-12 small-col-first\"  data-animate=\"fadeInDown\">\n\t\t\t\t<div class=\"col-inner text-center text-shadow-2\"  >\n\t\t\t\n\t\t\t\n\n<p class=\"uppercase\" style=\"text-align: center;\">Ein Novum im GEO-PARK Ries<\/p>\n<p>Nach geheimer Familienrezeptur wird unser Kr\u00e4uterlik\u00f6r aus 14 Kr\u00e4utern, Wurzeln, Fr\u00fcchten und\u00a0Essenzen gemischt. Darunter so wohlklingende Namen wie Tausendg\u00fcldenkraut, Rabarberwurzel und Pommeranze.<\/p>\n\n\t\t<\/div>\n\t\t\t\t\n<style>\n#col-1626828487 > .col-inner {\n  padding: 0px 0px 0px 0px;\n  margin: 37px 0px 3px 0px;\n}\n<\/style>\n\t<\/div>\n\n\t\n\n\n<style>\n#row-2055969425 > .col > .col-inner {\n  padding: 0px 0px 0px 0px;\n}\n<\/style>\n<\/div>\n\n\t\t<\/div>\n\n\t\t\n<style>\n#section_939968105 {\n  padding-top: 1px;\n  padding-bottom: 1px;\n  min-height: 228px;\n  background-color: rgb(119, 119, 119);\n}\n#section_939968105 .section-bg-overlay {\n  background-color: rgba(0, 0, 0, 0);\n}\n@media (min-width:550px) {\n  #section_939968105 {\n    min-height: 237px;\n  }\n}\n@media (min-width:850px) {\n  #section_939968105 {\n    padding-top: 3px;\n    padding-bottom: 3px;\n    min-height: 200px;\n  }\n}\n<\/style>\n\t<\/section>\n\t\n\n<div class=\"woocommerce columns-4 \"><div class=\"products row row-small row-masonry has-packery large-columns-4 medium-columns-3 small-columns-2\">\n<div class=\"product-small col has-hover product type-product post-710 status-publish first instock product_cat-rieser-tropfen product_tag-fruchtig product_tag-kraeuter product_tag-kraeuterlikoer product_tag-magenbitter has-post-thumbnail shipping-taxable purchasable product-type-variable has-default-attributes\">\n\t<div class=\"col-inner\">\n\t\n<div class=\"badge-container absolute left top z-1\">\n\n<\/div>\n\t<div class=\"product-small box \">\n\t\t<div class=\"box-image\">\n\t\t\t<div class=\"image-fade_in_back\">\n\t\t\t\t<a href=\"https:\/\/rieser-tropfen.de\/shop\/produkt\/rieser-tropfen-kraeuterlikoer\/\" aria-label=\"Rieser Tropfen - Kr\u00e4uterlik\u00f6r\">\n\t\t\t\t\t<img loading=\"lazy\" decoding=\"async\" width=\"247\" height=\"300\" src=\"https:\/\/rieser-tropfen.de\/shop\/wp-content\/uploads\/2017\/11\/RT-Krugflasche-2x-Shop5-247x300.png\" class=\"attachment-woocommerce_thumbnail size-woocommerce_thumbnail\" alt=\"Rieser Tropfen - Kr\u00e4uterlik\u00f6r\" srcset=\"https:\/\/rieser-tropfen.de\/shop\/wp-content\/uploads\/2017\/11\/RT-Krugflasche-2x-Shop5-247x300.png 247w, https:\/\/rieser-tropfen.de\/shop\/wp-content\/uploads\/2017\/11\/RT-Krugflasche-2x-Shop5-324x394.png 324w\" sizes=\"auto, (max-width: 247px) 100vw, 247px\" \/>\t\t\t\t<\/a>\n\t\t\t<\/div>\n\t\t\t<div class=\"image-tools is-small top right show-on-hover\">\n\t\t\t\t\t\t\t<\/div>\n\t\t\t<div class=\"image-tools is-small hide-for-small bottom left show-on-hover\">\n\t\t\t\t\t\t\t<\/div>\n\t\t\t<div class=\"image-tools grid-tools text-center hide-for-small bottom hover-slide-in show-on-hover\">\n\t\t\t\t<a href=\"https:\/\/rieser-tropfen.de\/shop\/produkt\/rieser-tropfen-kraeuterlikoer\/\" aria-describedby=\"woocommerce_loop_add_to_cart_link_describedby_710\" data-quantity=\"1\" class=\"add-to-cart-grid no-padding is-transparent product_type_variable add_to_cart_button\" data-product_id=\"710\" data-product_sku=\"L RT 035 -100\" aria-label=\"W\u00e4hle Optionen f\u00fcr \u201eRieser Tropfen - Kr\u00e4uterlik\u00f6r\u201c\" rel=\"nofollow\"><div class=\"cart-icon tooltip is-small\" title=\"Ausf\u00fchrung w\u00e4hlen\"><strong>+<\/strong><\/div><\/a>\t<span id=\"woocommerce_loop_add_to_cart_link_describedby_710\" class=\"screen-reader-text\">\n\t\tDieses Produkt weist mehrere Varianten auf. Die Optionen k\u00f6nnen auf der Produktseite gew\u00e4hlt werden\t<\/span>\n\t\t\t<\/div>\n\t\t\t\t\t<\/div>\n\n\t\t<div class=\"box-text box-text-products text-center grid-style-2\">\n\t\t\t<div class=\"title-wrapper\"><p class=\"name product-title woocommerce-loop-product__title\"><a href=\"https:\/\/rieser-tropfen.de\/shop\/produkt\/rieser-tropfen-kraeuterlikoer\/\" class=\"woocommerce-LoopProduct-link woocommerce-loop-product__link\">Rieser Tropfen &#8211; Kr\u00e4uterlik\u00f6r<\/a><\/p>Rieser Tropfen &#8211; Kr\u00e4uterlik\u00f6r test<\/div><div class=\"price-wrapper\">\n\t<span class=\"price\">ab <span class=\"woocommerce-Price-amount amount\"><bdi>6,40&nbsp;<span class=\"woocommerce-Price-currencySymbol\">&euro;<\/span><\/bdi><\/span><\/span>\n<\/div>\t\t<\/div>\n\t<\/div>\n\t\t<\/div>\n<\/div><div class=\"product-small col has-hover product type-product post-263 status-publish instock product_cat-rieser-tropfen product_tag-fruchtig product_tag-kraeuter product_tag-kraeuterlikoer product_tag-magenbitter has-post-thumbnail shipping-taxable purchasable product-type-simple\">\n\t<div class=\"col-inner\">\n\t\n<div class=\"badge-container absolute left top z-1\">\n\n<\/div>\n\t<div class=\"product-small box \">\n\t\t<div class=\"box-image\">\n\t\t\t<div class=\"image-fade_in_back\">\n\t\t\t\t<a href=\"https:\/\/rieser-tropfen.de\/shop\/produkt\/rieser-tropfen-cubo\/\" aria-label=\"Rieser Tropfen \u2013 Kr\u00e4uterlik\u00f6r o,2 lt Cubo\">\n\t\t\t\t\t<img loading=\"lazy\" decoding=\"async\" width=\"247\" height=\"300\" src=\"https:\/\/rieser-tropfen.de\/shop\/wp-content\/uploads\/2013\/06\/RT-KugelCubo-Shop5-247x300.png\" class=\"attachment-woocommerce_thumbnail size-woocommerce_thumbnail\" alt=\"Rieser Tropfen \u2013 Kr\u00e4uterlik\u00f6r o,2 lt Cubo\" \/>\t\t\t\t<\/a>\n\t\t\t<\/div>\n\t\t\t<div class=\"image-tools is-small top right show-on-hover\">\n\t\t\t\t\t\t\t<\/div>\n\t\t\t<div class=\"image-tools is-small hide-for-small bottom left show-on-hover\">\n\t\t\t\t\t\t\t<\/div>\n\t\t\t<div class=\"image-tools grid-tools text-center hide-for-small bottom hover-slide-in show-on-hover\">\n\t\t\t\t<a href=\"\/shop\/wp-json\/wp\/v2\/pages\/2?add-to-cart=263\" aria-describedby=\"woocommerce_loop_add_to_cart_link_describedby_263\" data-quantity=\"1\" class=\"add-to-cart-grid no-padding is-transparent product_type_simple add_to_cart_button ajax_add_to_cart\" data-product_id=\"263\" data-product_sku=\"L RT 020 Cubo\" aria-label=\"In den Warenkorb legen: \u201eRieser Tropfen \u2013 Kr\u00e4uterlik\u00f6r o,2 lt Cubo\u201c\" rel=\"nofollow\" data-success_message=\"\u201eRieser Tropfen \u2013 Kr\u00e4uterlik\u00f6r o,2 lt Cubo\u201c wurde deinem Warenkorb hinzugef\u00fcgt\"><div class=\"cart-icon tooltip is-small\" title=\"In den Warenkorb\"><strong>+<\/strong><\/div><\/a>\t<span id=\"woocommerce_loop_add_to_cart_link_describedby_263\" class=\"screen-reader-text\">\n\t\t\t<\/span>\n\t\t\t<\/div>\n\t\t\t\t\t<\/div>\n\n\t\t<div class=\"box-text box-text-products text-center grid-style-2\">\n\t\t\t<div class=\"title-wrapper\"><p class=\"name product-title woocommerce-loop-product__title\"><a href=\"https:\/\/rieser-tropfen.de\/shop\/produkt\/rieser-tropfen-cubo\/\" class=\"woocommerce-LoopProduct-link woocommerce-loop-product__link\">Rieser Tropfen \u2013 Kr\u00e4uterlik\u00f6r o,2 lt Cubo<\/a><\/p>Rieser Tropfen \u2013 Kr\u00e4uterlik\u00f6r o,2 lt Cubo test<\/div><div class=\"price-wrapper\">\n\t<span class=\"price\"><span class=\"woocommerce-Price-amount amount\"><bdi>6,60&nbsp;<span class=\"woocommerce-Price-currencySymbol\">&euro;<\/span><\/bdi><\/span><\/span>\n<\/div>\t\t<\/div>\n\t<\/div>\n\t\t<\/div>\n<\/div><div class=\"product-small col has-hover product type-product post-261 status-publish instock product_cat-rieser-tropfen product_tag-fruchtig product_tag-kraeuter product_tag-kraeuterlikoer product_tag-magenbitter has-post-thumbnail shipping-taxable purchasable product-type-simple\">\n\t<div class=\"col-inner\">\n\t\n<div class=\"badge-container absolute left top z-1\">\n\n<\/div>\n\t<div class=\"product-small box \">\n\t\t<div class=\"box-image\">\n\t\t\t<div class=\"image-fade_in_back\">\n\t\t\t\t<a href=\"https:\/\/rieser-tropfen.de\/shop\/produkt\/rieser-tropfen-gallone\/\" aria-label=\"Rieser Tropfen \u2013 Kr\u00e4uterlik\u00f6r o,5 l-Gallone\">\n\t\t\t\t\t<img loading=\"lazy\" decoding=\"async\" width=\"247\" height=\"300\" src=\"https:\/\/rieser-tropfen.de\/shop\/wp-content\/uploads\/2013\/06\/Vitzthum-Rieser-Tropfen-050-Gallone-2-247x300.jpg\" class=\"attachment-woocommerce_thumbnail size-woocommerce_thumbnail\" alt=\"Rieser Tropfen \u2013 Kr\u00e4uterlik\u00f6r o,5 l-Gallone\" \/>\t\t\t\t<\/a>\n\t\t\t<\/div>\n\t\t\t<div class=\"image-tools is-small top right show-on-hover\">\n\t\t\t\t\t\t\t<\/div>\n\t\t\t<div class=\"image-tools is-small hide-for-small bottom left show-on-hover\">\n\t\t\t\t\t\t\t<\/div>\n\t\t\t<div class=\"image-tools grid-tools text-center hide-for-small bottom hover-slide-in show-on-hover\">\n\t\t\t\t<a href=\"\/shop\/wp-json\/wp\/v2\/pages\/2?add-to-cart=261\" aria-describedby=\"woocommerce_loop_add_to_cart_link_describedby_261\" data-quantity=\"1\" class=\"add-to-cart-grid no-padding is-transparent product_type_simple add_to_cart_button ajax_add_to_cart\" data-product_id=\"261\" data-product_sku=\"L RT 050 Gallone\" aria-label=\"In den Warenkorb legen: \u201eRieser Tropfen \u2013 Kr\u00e4uterlik\u00f6r o,5 l-Gallone\u201c\" rel=\"nofollow\" data-success_message=\"\u201eRieser Tropfen \u2013 Kr\u00e4uterlik\u00f6r o,5 l-Gallone\u201c wurde deinem Warenkorb hinzugef\u00fcgt\"><div class=\"cart-icon tooltip is-small\" title=\"In den Warenkorb\"><strong>+<\/strong><\/div><\/a>\t<span id=\"woocommerce_loop_add_to_cart_link_describedby_261\" class=\"screen-reader-text\">\n\t\t\t<\/span>\n\t\t\t<\/div>\n\t\t\t\t\t<\/div>\n\n\t\t<div class=\"box-text box-text-products text-center grid-style-2\">\n\t\t\t<div class=\"title-wrapper\"><p class=\"name product-title woocommerce-loop-product__title\"><a href=\"https:\/\/rieser-tropfen.de\/shop\/produkt\/rieser-tropfen-gallone\/\" class=\"woocommerce-LoopProduct-link woocommerce-loop-product__link\">Rieser Tropfen \u2013 Kr\u00e4uterlik\u00f6r o,5 l-Gallone<\/a><\/p>Rieser Tropfen \u2013 Kr\u00e4uterlik\u00f6r o,5 l-Gallone test<\/div><div class=\"price-wrapper\">\n\t<span class=\"price\"><span class=\"woocommerce-Price-amount amount\"><bdi>10,70&nbsp;<span class=\"woocommerce-Price-currencySymbol\">&euro;<\/span><\/bdi><\/span><\/span>\n<\/div>\t\t<\/div>\n\t<\/div>\n\t\t<\/div>\n<\/div><div class=\"product-small col has-hover product type-product post-738 status-publish last instock product_cat-rieser-tropfen product_tag-fruchtig product_tag-kraeuter product_tag-kraeuterlikoer product_tag-magenbitter has-post-thumbnail shipping-taxable purchasable product-type-simple\">\n\t<div class=\"col-inner\">\n\t\n<div class=\"badge-container absolute left top z-1\">\n\n<\/div>\n\t<div class=\"product-small box \">\n\t\t<div class=\"box-image\">\n\t\t\t<div class=\"image-fade_in_back\">\n\t\t\t\t<a href=\"https:\/\/rieser-tropfen.de\/shop\/produkt\/rieser-tropfen-o5-l-tonkrug\/\" aria-label=\"Rieser Tropfen \u2013 Kr\u00e4uterlik\u00f6r o,5 ltr Tonkrug\">\n\t\t\t\t\t<img loading=\"lazy\" decoding=\"async\" width=\"247\" height=\"300\" src=\"https:\/\/rieser-tropfen.de\/shop\/wp-content\/uploads\/2017\/11\/RT-05Tonkrug-Shop5-247x300.png\" class=\"attachment-woocommerce_thumbnail size-woocommerce_thumbnail\" alt=\"Rieser Tropfen \u2013 Kr\u00e4uterlik\u00f6r o,5 ltr Tonkrug\" \/>\t\t\t\t<\/a>\n\t\t\t<\/div>\n\t\t\t<div class=\"image-tools is-small top right show-on-hover\">\n\t\t\t\t\t\t\t<\/div>\n\t\t\t<div class=\"image-tools is-small hide-for-small bottom left show-on-hover\">\n\t\t\t\t\t\t\t<\/div>\n\t\t\t<div class=\"image-tools grid-tools text-center hide-for-small bottom hover-slide-in show-on-hover\">\n\t\t\t\t<a href=\"\/shop\/wp-json\/wp\/v2\/pages\/2?add-to-cart=738\" aria-describedby=\"woocommerce_loop_add_to_cart_link_describedby_738\" data-quantity=\"1\" class=\"add-to-cart-grid no-padding is-transparent product_type_simple add_to_cart_button ajax_add_to_cart\" data-product_id=\"738\" data-product_sku=\"L RT 050 Tonkrug\" aria-label=\"In den Warenkorb legen: \u201eRieser Tropfen \u2013 Kr\u00e4uterlik\u00f6r o,5 ltr Tonkrug\u201c\" rel=\"nofollow\" data-success_message=\"\u201eRieser Tropfen \u2013 Kr\u00e4uterlik\u00f6r o,5 ltr Tonkrug\u201c wurde deinem Warenkorb hinzugef\u00fcgt\"><div class=\"cart-icon tooltip is-small\" title=\"In den Warenkorb\"><strong>+<\/strong><\/div><\/a>\t<span id=\"woocommerce_loop_add_to_cart_link_describedby_738\" class=\"screen-reader-text\">\n\t\t\t<\/span>\n\t\t\t<\/div>\n\t\t\t\t\t<\/div>\n\n\t\t<div class=\"box-text box-text-products text-center grid-style-2\">\n\t\t\t<div class=\"title-wrapper\"><p class=\"name product-title woocommerce-loop-product__title\"><a href=\"https:\/\/rieser-tropfen.de\/shop\/produkt\/rieser-tropfen-o5-l-tonkrug\/\" class=\"woocommerce-LoopProduct-link woocommerce-loop-product__link\">Rieser Tropfen \u2013 Kr\u00e4uterlik\u00f6r o,5 ltr Tonkrug<\/a><\/p>Rieser Tropfen \u2013 Kr\u00e4uterlik\u00f6r o,5 ltr Tonkrug test<\/div><div class=\"price-wrapper\">\n\t<span class=\"price\"><span class=\"woocommerce-Price-amount amount\"><bdi>11,60&nbsp;<span class=\"woocommerce-Price-currencySymbol\">&euro;<\/span><\/bdi><\/span><\/span>\n<\/div>\t\t<\/div>\n\t<\/div>\n\t\t<\/div>\n<\/div><\/div><!-- row -->\n<\/div>\n","protected":false},"excerpt":{"rendered":"","protected":false},"author":1,"featured_media":0,"parent":4,"menu_order":0,"comment_status":"closed","ping_status":"open","template":"page-blank.php","meta":{"footnotes":""},"class_list":["post-2","page","type-page","status-publish","hentry"],"yoast_head":"<!-- This site is optimized with the Yoast SEO plugin v27.2 - https:\/\/yoast.com\/product\/yoast-seo-wordpress\/ -->\n<title>Rieser-Tropfen - Vitzthum Shop<\/title>\n<meta name=\"robots\" content=\"index, follow, max-snippet:-1, max-image-preview:large, max-video-preview:-1\" \/>\n<link rel=\"canonical\" href=\"https:\/\/rieser-tropfen.de\/shop\/shop\/rieser-tropfen\/\" \/>\n<meta property=\"og:locale\" content=\"de_DE\" \/>\n<meta property=\"og:type\" content=\"article\" \/>\n<meta property=\"og:title\" content=\"Rieser-Tropfen - Vitzthum Shop\" \/>\n<meta property=\"og:url\" content=\"https:\/\/rieser-tropfen.de\/shop\/shop\/rieser-tropfen\/\" \/>\n<meta property=\"og:site_name\" content=\"Vitzthum Shop\" \/>\n<meta property=\"article:publisher\" content=\"https:\/\/www.facebook.com\/vitzthum.destillerie\/?locale=de_DE\" \/>\n<meta property=\"article:modified_time\" content=\"2017-11-19T13:54:57+00:00\" \/>\n<meta name=\"twitter:card\" content=\"summary_large_image\" \/>\n<script type=\"application\/ld+json\" class=\"yoast-schema-graph\">{\"@context\":\"https:\/\/schema.org\",\"@graph\":[{\"@type\":\"WebPage\",\"@id\":\"https:\/\/rieser-tropfen.de\/shop\/shop\/rieser-tropfen\/\",\"url\":\"https:\/\/rieser-tropfen.de\/shop\/shop\/rieser-tropfen\/\",\"name\":\"Rieser-Tropfen - Vitzthum Shop\",\"isPartOf\":{\"@id\":\"https:\/\/rieser-tropfen.de\/shop\/#website\"},\"datePublished\":\"2017-10-07T11:54:36+00:00\",\"dateModified\":\"2017-11-19T13:54:57+00:00\",\"breadcrumb\":{\"@id\":\"https:\/\/rieser-tropfen.de\/shop\/shop\/rieser-tropfen\/#breadcrumb\"},\"inLanguage\":\"de\",\"potentialAction\":[{\"@type\":\"ReadAction\",\"target\":[\"https:\/\/rieser-tropfen.de\/shop\/shop\/rieser-tropfen\/\"]}]},{\"@type\":\"BreadcrumbList\",\"@id\":\"https:\/\/rieser-tropfen.de\/shop\/shop\/rieser-tropfen\/#breadcrumb\",\"itemListElement\":[{\"@type\":\"ListItem\",\"position\":1,\"name\":\"Home\",\"item\":\"https:\/\/rieser-tropfen.de\/shop\/\"},{\"@type\":\"ListItem\",\"position\":2,\"name\":\"Shop\",\"item\":\"https:\/\/rieser-tropfen.de\/shop\/shop\/\"},{\"@type\":\"ListItem\",\"position\":3,\"name\":\"Rieser-Tropfen\"}]},{\"@type\":\"WebSite\",\"@id\":\"https:\/\/rieser-tropfen.de\/shop\/#website\",\"url\":\"https:\/\/rieser-tropfen.de\/shop\/\",\"name\":\"Vitzthum Shop\",\"description\":\"handgemachte Beerengeister, Obstbr\u00e4nde und Kr\u00e4uter- sowie Fruchtlik\u00f6re\",\"publisher\":{\"@id\":\"https:\/\/rieser-tropfen.de\/shop\/#organization\"},\"potentialAction\":[{\"@type\":\"SearchAction\",\"target\":{\"@type\":\"EntryPoint\",\"urlTemplate\":\"https:\/\/rieser-tropfen.de\/shop\/?s={search_term_string}\"},\"query-input\":{\"@type\":\"PropertyValueSpecification\",\"valueRequired\":true,\"valueName\":\"search_term_string\"}}],\"inLanguage\":\"de\"},{\"@type\":\"Organization\",\"@id\":\"https:\/\/rieser-tropfen.de\/shop\/#organization\",\"name\":\"Vitzthum GmbH\",\"url\":\"https:\/\/rieser-tropfen.de\/shop\/\",\"logo\":{\"@type\":\"ImageObject\",\"inLanguage\":\"de\",\"@id\":\"https:\/\/rieser-tropfen.de\/shop\/#\/schema\/logo\/image\/\",\"url\":\"https:\/\/rieser-tropfen.de\/shop\/wp-content\/uploads\/2021\/03\/Logo-Vitzthum-2021-gold.jpg\",\"contentUrl\":\"https:\/\/rieser-tropfen.de\/shop\/wp-content\/uploads\/2021\/03\/Logo-Vitzthum-2021-gold.jpg\",\"width\":149,\"height\":69,\"caption\":\"Vitzthum GmbH\"},\"image\":{\"@id\":\"https:\/\/rieser-tropfen.de\/shop\/#\/schema\/logo\/image\/\"},\"sameAs\":[\"https:\/\/www.facebook.com\/vitzthum.destillerie\/?locale=de_DE\"]}]}<\/script>\n<!-- \/ Yoast SEO plugin. -->","yoast_head_json":{"title":"Rieser-Tropfen - Vitzthum Shop","robots":{"index":"index","follow":"follow","max-snippet":"max-snippet:-1","max-image-preview":"max-image-preview:large","max-video-preview":"max-video-preview:-1"},"canonical":"https:\/\/rieser-tropfen.de\/shop\/shop\/rieser-tropfen\/","og_locale":"de_DE","og_type":"article","og_title":"Rieser-Tropfen - Vitzthum Shop","og_url":"https:\/\/rieser-tropfen.de\/shop\/shop\/rieser-tropfen\/","og_site_name":"Vitzthum Shop","article_publisher":"https:\/\/www.facebook.com\/vitzthum.destillerie\/?locale=de_DE","article_modified_time":"2017-11-19T13:54:57+00:00","twitter_card":"summary_large_image","schema":{"@context":"https:\/\/schema.org","@graph":[{"@type":"WebPage","@id":"https:\/\/rieser-tropfen.de\/shop\/shop\/rieser-tropfen\/","url":"https:\/\/rieser-tropfen.de\/shop\/shop\/rieser-tropfen\/","name":"Rieser-Tropfen - Vitzthum Shop","isPartOf":{"@id":"https:\/\/rieser-tropfen.de\/shop\/#website"},"datePublished":"2017-10-07T11:54:36+00:00","dateModified":"2017-11-19T13:54:57+00:00","breadcrumb":{"@id":"https:\/\/rieser-tropfen.de\/shop\/shop\/rieser-tropfen\/#breadcrumb"},"inLanguage":"de","potentialAction":[{"@type":"ReadAction","target":["https:\/\/rieser-tropfen.de\/shop\/shop\/rieser-tropfen\/"]}]},{"@type":"BreadcrumbList","@id":"https:\/\/rieser-tropfen.de\/shop\/shop\/rieser-tropfen\/#breadcrumb","itemListElement":[{"@type":"ListItem","position":1,"name":"Home","item":"https:\/\/rieser-tropfen.de\/shop\/"},{"@type":"ListItem","position":2,"name":"Shop","item":"https:\/\/rieser-tropfen.de\/shop\/shop\/"},{"@type":"ListItem","position":3,"name":"Rieser-Tropfen"}]},{"@type":"WebSite","@id":"https:\/\/rieser-tropfen.de\/shop\/#website","url":"https:\/\/rieser-tropfen.de\/shop\/","name":"Vitzthum Shop","description":"handgemachte Beerengeister, Obstbr\u00e4nde und Kr\u00e4uter- sowie Fruchtlik\u00f6re","publisher":{"@id":"https:\/\/rieser-tropfen.de\/shop\/#organization"},"potentialAction":[{"@type":"SearchAction","target":{"@type":"EntryPoint","urlTemplate":"https:\/\/rieser-tropfen.de\/shop\/?s={search_term_string}"},"query-input":{"@type":"PropertyValueSpecification","valueRequired":true,"valueName":"search_term_string"}}],"inLanguage":"de"},{"@type":"Organization","@id":"https:\/\/rieser-tropfen.de\/shop\/#organization","name":"Vitzthum GmbH","url":"https:\/\/rieser-tropfen.de\/shop\/","logo":{"@type":"ImageObject","inLanguage":"de","@id":"https:\/\/rieser-tropfen.de\/shop\/#\/schema\/logo\/image\/","url":"https:\/\/rieser-tropfen.de\/shop\/wp-content\/uploads\/2021\/03\/Logo-Vitzthum-2021-gold.jpg","contentUrl":"https:\/\/rieser-tropfen.de\/shop\/wp-content\/uploads\/2021\/03\/Logo-Vitzthum-2021-gold.jpg","width":149,"height":69,"caption":"Vitzthum GmbH"},"image":{"@id":"https:\/\/rieser-tropfen.de\/shop\/#\/schema\/logo\/image\/"},"sameAs":["https:\/\/www.facebook.com\/vitzthum.destillerie\/?locale=de_DE"]}]}},"_links":{"self":[{"href":"https:\/\/rieser-tropfen.de\/shop\/wp-json\/wp\/v2\/pages\/2","targetHints":{"allow":["GET"]}}],"collection":[{"href":"https:\/\/rieser-tropfen.de\/shop\/wp-json\/wp\/v2\/pages"}],"about":[{"href":"https:\/\/rieser-tropfen.de\/shop\/wp-json\/wp\/v2\/types\/page"}],"author":[{"embeddable":true,"href":"https:\/\/rieser-tropfen.de\/shop\/wp-json\/wp\/v2\/users\/1"}],"replies":[{"embeddable":true,"href":"https:\/\/rieser-tropfen.de\/shop\/wp-json\/wp\/v2\/comments?post=2"}],"version-history":[{"count":30,"href":"https:\/\/rieser-tropfen.de\/shop\/wp-json\/wp\/v2\/pages\/2\/revisions"}],"predecessor-version":[{"id":929,"href":"https:\/\/rieser-tropfen.de\/shop\/wp-json\/wp\/v2\/pages\/2\/revisions\/929"}],"up":[{"embeddable":true,"href":"https:\/\/rieser-tropfen.de\/shop\/wp-json\/wp\/v2\/pages\/4"}],"wp:attachment":[{"href":"https:\/\/rieser-tropfen.de\/shop\/wp-json\/wp\/v2\/media?parent=2"}],"curies":[{"name":"wp","href":"https:\/\/api.w.org\/{rel}","templated":true}]}}