{"id":1156,"date":"2017-12-06T17:37:37","date_gmt":"2017-12-06T16:37:37","guid":{"rendered":"http:\/\/rieser-tropfen.de\/shop\/?post_type=product&#038;p=1156"},"modified":"2023-04-12T15:09:14","modified_gmt":"2023-04-12T13:09:14","slug":"suevia-dry-gin","status":"publish","type":"product","link":"https:\/\/rieser-tropfen.de\/shop\/produkt\/suevia-dry-gin\/","title":{"rendered":"SUEVIA DRY GIN"},"content":{"rendered":"\t<div id=\"text-1614858048\" class=\"text\">\n\t\t\n<p style=\"text-align: center;\"><strong><span style=\"font-size: 120%; color: #808000;\">Ich mag Menschen, die mir reinen Wein einschenken &#8211; oder Gin, Gin geht auch.<\/span><\/strong><\/p>\n<p><span style=\"color: #de901b; font-size: 14.4px;\">NAT\u00dcRLICH KANN MAN MIXEN &#8211;<\/span><\/p>\n<div class=\"title-subtitle-box \">\n<h1>trinken Sie ihn pur!!<\/h1>\n<\/div>\n<div class=\"wpb_text_column wpb_content_element \">\n<div class=\"wpb_wrapper\">\n<p>Gin ist nat\u00fcrlich in der Bar-Szene fast ein Allesk\u00f6nner. Ob einfach gemixt mit Tonic auf Eis mit einer Zitronenzeste oder als wunderbare Bitter-W\u00fcrznote in einem Basil Smasch:<\/p>\n<p>6 cl SUEVIA Gin<br \/>\n10 Bl. Basilikum<br \/>\n2 cl Zitronensaft<br \/>\n1 geh. Teel. Zucker<\/p>\n<\/div>\n<\/div>\n<p>Die Basilikumbl\u00e4tter und den Zucker in ein hohes Longdrinkglas geben, mit dem Barst\u00f6ssel zerdr\u00fccken mit Zitronensaft und Gin aufgie\u00dfen. Das Glas mit Eisw\u00fcrfel auff\u00fcllen und mit einem langen L\u00f6ffel umr\u00fchren.<\/p>\n<div class=\"wpb_text_column wpb_content_element \">\n<div class=\"wpb_wrapper\">\t\t\n<style>\n#text-1614858048 {\n  line-height: 2.05;\n}\n<\/style>\n\t<\/div>\n\t\n<div class=\"row\"  id=\"row-132175354\">\n\t<div id=\"col-588834984\" class=\"col medium-6 small-12 large-6\"  >\n\t\t\t\t<div class=\"col-inner\"  >\n\t\t\t\n\t\t\t\n\t<div class=\"img has-hover x md-x lg-x y md-y lg-y\" id=\"image_841270115\">\n\t\t\t\t\t\t\t\t<div class=\"img-inner dark\" style=\"margin:0px 0px 0px 0px;\">\n\t\t\t<img loading=\"lazy\" decoding=\"async\" width=\"600\" height=\"800\" src=\"https:\/\/rieser-tropfen.de\/shop\/wp-content\/uploads\/2023\/04\/Wacholderbeeren-Schoenefeld-600x800.jpg\" class=\"attachment-large size-large\" alt=\"\" srcset=\"https:\/\/rieser-tropfen.de\/shop\/wp-content\/uploads\/2023\/04\/Wacholderbeeren-Schoenefeld-600x800.jpg 600w, https:\/\/rieser-tropfen.de\/shop\/wp-content\/uploads\/2023\/04\/Wacholderbeeren-Schoenefeld-300x400.jpg 300w, https:\/\/rieser-tropfen.de\/shop\/wp-content\/uploads\/2023\/04\/Wacholderbeeren-Schoenefeld-768x1024.jpg 768w, https:\/\/rieser-tropfen.de\/shop\/wp-content\/uploads\/2023\/04\/Wacholderbeeren-Schoenefeld-1152x1536.jpg 1152w, https:\/\/rieser-tropfen.de\/shop\/wp-content\/uploads\/2023\/04\/Wacholderbeeren-Schoenefeld-510x680.jpg 510w, https:\/\/rieser-tropfen.de\/shop\/wp-content\/uploads\/2023\/04\/Wacholderbeeren-Schoenefeld-rotated.jpg 1512w\" sizes=\"auto, (max-width: 600px) 100vw, 600px\" \/>\t\t\t\t\t\t\n\t\t\t\t\t<\/div>\n\t\t\t\t\t\t\t\t\n<style>\n#image_841270115 {\n  width: 91%;\n}\n<\/style>\n\t<\/div>\n\t\n\t\t<\/div>\n\t\t\t\t\t<\/div>\n\n\t\n\n\t<div id=\"col-1876052357\" class=\"col medium-6 small-12 large-6\"  >\n\t\t\t\t<div class=\"col-inner\"  >\n\t\t\t\n\t\t\t\n<p><span style=\"color: #de901b; font-size: 14.4px;\">BEI UNS IM RIES FINDET MAN IHN &#8230;.<\/span><\/p>\n<div class=\"title-subtitle-box \">\n<h1>in unserer Heide!<\/h1>\n<\/div>\n<div class=\"wpb_text_column wpb_content_element \">\n<div class=\"wpb_wrapper\">\n<p>Wacholder (Juniperus) geh\u00f6rt\u00a0 zur Familie der Zypressengew\u00e4chsen in Mitteleuropa sind jedoch nur der gemeine Wacholder\u00a0und der Sadebaum heimisch. Wacholder ist unter vielen verschiedenen Namen bekannt, unter anderem als Machangel, Kranewitt, Queckholter oder Feuerbaum. Schon seit dem Altertum hat der Wacholder gro\u00dfe Bedeutung als W\u00fcrzpflanze. Mit Wacholderr\u00e4ucherungen wollte man im Mittelalter Hexen und D\u00e4monen vertreiben.\u00a0 Die Fr\u00fcchte des Strauchs, die &#8222;Wacholderbeeren&#8220;, sind als K\u00fcchengew\u00fcrz beliebt.<\/p>\n<p>F\u00fcr uns sind sie wertvollster Rohstoff f\u00fcr den exklusiven SUEVIA Dry Gin, dessen feinherbes Aroma haupts\u00e4chlich von diesen unglaublich aromatischen kleinen blauen Beeren getragen wird.<\/p>\n<\/div>\n<\/div>\n\t\t<\/div>\n\t\t\t\t\t<\/div>\n\n\t\n<\/div>\n<div class=\"row\"  id=\"row-239394897\">\n<\/div>\n<\/div>\n<\/div>\n","protected":false},"excerpt":{"rendered":"<p>Ein reint\u00f6niger Gin mit vorherrschender Wacholdernote, feinherbe Beere mit Citrusankl\u00e4ngen und dezemtem Koriander.<\/p>\n","protected":false},"featured_media":1196,"template":"","meta":[],"product_brand":[],"product_cat":[47,85],"product_tag":[207,183,198,199,200,120,206,122],"class_list":{"0":"post-1156","1":"product","2":"type-product","3":"status-publish","4":"has-post-thumbnail","6":"product_cat-beerengeister","7":"product_cat-suevia","8":"product_tag-beerengeist","9":"product_tag-beerig","10":"product_tag-edel","11":"product_tag-feinherb","12":"product_tag-gin","13":"product_tag-lokale-spezialitaet","14":"product_tag-wacholder","15":"product_tag-weich","17":"first","18":"instock","19":"shipping-taxable","20":"purchasable","21":"product-type-variable"},"yoast_head":"<!-- This site is optimized with the Yoast SEO plugin v27.5 - https:\/\/yoast.com\/product\/yoast-seo-wordpress\/ -->\n<title>SUEVIA DRY GIN - Vitzthum Shop<\/title>\n<meta name=\"robots\" content=\"index, follow, max-snippet:-1, max-image-preview:large, max-video-preview:-1\" \/>\n<link rel=\"canonical\" href=\"https:\/\/rieser-tropfen.de\/shop\/produkt\/suevia-dry-gin\/\" \/>\n<meta property=\"og:locale\" content=\"de_DE\" \/>\n<meta property=\"og:type\" content=\"article\" \/>\n<meta property=\"og:title\" content=\"SUEVIA DRY GIN - Vitzthum Shop\" \/>\n<meta property=\"og:description\" content=\"Ein reint\u00f6niger Gin mit vorherrschender Wacholdernote, feinherbe Beere mit Citrusankl\u00e4ngen und dezemtem Koriander.\" \/>\n<meta property=\"og:url\" content=\"https:\/\/rieser-tropfen.de\/shop\/produkt\/suevia-dry-gin\/\" \/>\n<meta property=\"og:site_name\" content=\"Vitzthum Shop\" \/>\n<meta property=\"article:publisher\" content=\"https:\/\/www.facebook.com\/vitzthum.destillerie\/?locale=de_DE\" \/>\n<meta property=\"article:modified_time\" content=\"2023-04-12T13:09:14+00:00\" \/>\n<meta property=\"og:image\" content=\"https:\/\/rieser-tropfen.de\/shop\/wp-content\/uploads\/2017\/12\/SUEVIA-Gin-dry-shop5.png\" \/>\n\t<meta property=\"og:image:width\" content=\"500\" \/>\n\t<meta property=\"og:image:height\" content=\"600\" \/>\n\t<meta property=\"og:image:type\" content=\"image\/png\" \/>\n<meta name=\"twitter:card\" content=\"summary_large_image\" \/>\n<meta name=\"twitter:label1\" content=\"Gesch\u00e4tzte Lesezeit\" \/>\n\t<meta name=\"twitter:data1\" content=\"1\u00a0Minute\" \/>\n<script type=\"application\/ld+json\" class=\"yoast-schema-graph\">{\"@context\":\"https:\\\/\\\/schema.org\",\"@graph\":[{\"@type\":\"WebPage\",\"@id\":\"https:\\\/\\\/rieser-tropfen.de\\\/shop\\\/produkt\\\/suevia-dry-gin\\\/\",\"url\":\"https:\\\/\\\/rieser-tropfen.de\\\/shop\\\/produkt\\\/suevia-dry-gin\\\/\",\"name\":\"SUEVIA DRY GIN - Vitzthum Shop\",\"isPartOf\":{\"@id\":\"https:\\\/\\\/rieser-tropfen.de\\\/shop\\\/#website\"},\"primaryImageOfPage\":{\"@id\":\"https:\\\/\\\/rieser-tropfen.de\\\/shop\\\/produkt\\\/suevia-dry-gin\\\/#primaryimage\"},\"image\":{\"@id\":\"https:\\\/\\\/rieser-tropfen.de\\\/shop\\\/produkt\\\/suevia-dry-gin\\\/#primaryimage\"},\"thumbnailUrl\":\"https:\\\/\\\/rieser-tropfen.de\\\/shop\\\/wp-content\\\/uploads\\\/2017\\\/12\\\/SUEVIA-Gin-dry-shop5.png\",\"datePublished\":\"2017-12-06T16:37:37+00:00\",\"dateModified\":\"2023-04-12T13:09:14+00:00\",\"breadcrumb\":{\"@id\":\"https:\\\/\\\/rieser-tropfen.de\\\/shop\\\/produkt\\\/suevia-dry-gin\\\/#breadcrumb\"},\"inLanguage\":\"de\",\"potentialAction\":[{\"@type\":\"ReadAction\",\"target\":[\"https:\\\/\\\/rieser-tropfen.de\\\/shop\\\/produkt\\\/suevia-dry-gin\\\/\"]}]},{\"@type\":\"ImageObject\",\"inLanguage\":\"de\",\"@id\":\"https:\\\/\\\/rieser-tropfen.de\\\/shop\\\/produkt\\\/suevia-dry-gin\\\/#primaryimage\",\"url\":\"https:\\\/\\\/rieser-tropfen.de\\\/shop\\\/wp-content\\\/uploads\\\/2017\\\/12\\\/SUEVIA-Gin-dry-shop5.png\",\"contentUrl\":\"https:\\\/\\\/rieser-tropfen.de\\\/shop\\\/wp-content\\\/uploads\\\/2017\\\/12\\\/SUEVIA-Gin-dry-shop5.png\",\"width\":500,\"height\":600},{\"@type\":\"BreadcrumbList\",\"@id\":\"https:\\\/\\\/rieser-tropfen.de\\\/shop\\\/produkt\\\/suevia-dry-gin\\\/#breadcrumb\",\"itemListElement\":[{\"@type\":\"ListItem\",\"position\":1,\"name\":\"Home\",\"item\":\"https:\\\/\\\/rieser-tropfen.de\\\/shop\\\/\"},{\"@type\":\"ListItem\",\"position\":2,\"name\":\"Shop\",\"item\":\"https:\\\/\\\/rieser-tropfen.de\\\/shop\\\/shop\\\/\"},{\"@type\":\"ListItem\",\"position\":3,\"name\":\"SUEVIA DRY GIN\"}]},{\"@type\":\"WebSite\",\"@id\":\"https:\\\/\\\/rieser-tropfen.de\\\/shop\\\/#website\",\"url\":\"https:\\\/\\\/rieser-tropfen.de\\\/shop\\\/\",\"name\":\"Vitzthum Shop\",\"description\":\"handgemachte Beerengeister, Obstbr\u00e4nde und Kr\u00e4uter- sowie Fruchtlik\u00f6re\",\"publisher\":{\"@id\":\"https:\\\/\\\/rieser-tropfen.de\\\/shop\\\/#organization\"},\"potentialAction\":[{\"@type\":\"SearchAction\",\"target\":{\"@type\":\"EntryPoint\",\"urlTemplate\":\"https:\\\/\\\/rieser-tropfen.de\\\/shop\\\/?s={search_term_string}\"},\"query-input\":{\"@type\":\"PropertyValueSpecification\",\"valueRequired\":true,\"valueName\":\"search_term_string\"}}],\"inLanguage\":\"de\"},{\"@type\":\"Organization\",\"@id\":\"https:\\\/\\\/rieser-tropfen.de\\\/shop\\\/#organization\",\"name\":\"Vitzthum GmbH\",\"url\":\"https:\\\/\\\/rieser-tropfen.de\\\/shop\\\/\",\"logo\":{\"@type\":\"ImageObject\",\"inLanguage\":\"de\",\"@id\":\"https:\\\/\\\/rieser-tropfen.de\\\/shop\\\/#\\\/schema\\\/logo\\\/image\\\/\",\"url\":\"https:\\\/\\\/rieser-tropfen.de\\\/shop\\\/wp-content\\\/uploads\\\/2021\\\/03\\\/Logo-Vitzthum-2021-gold.jpg\",\"contentUrl\":\"https:\\\/\\\/rieser-tropfen.de\\\/shop\\\/wp-content\\\/uploads\\\/2021\\\/03\\\/Logo-Vitzthum-2021-gold.jpg\",\"width\":149,\"height\":69,\"caption\":\"Vitzthum GmbH\"},\"image\":{\"@id\":\"https:\\\/\\\/rieser-tropfen.de\\\/shop\\\/#\\\/schema\\\/logo\\\/image\\\/\"},\"sameAs\":[\"https:\\\/\\\/www.facebook.com\\\/vitzthum.destillerie\\\/?locale=de_DE\"]}]}<\/script>\n<!-- \/ Yoast SEO plugin. -->","yoast_head_json":{"title":"SUEVIA DRY GIN - Vitzthum Shop","robots":{"index":"index","follow":"follow","max-snippet":"max-snippet:-1","max-image-preview":"max-image-preview:large","max-video-preview":"max-video-preview:-1"},"canonical":"https:\/\/rieser-tropfen.de\/shop\/produkt\/suevia-dry-gin\/","og_locale":"de_DE","og_type":"article","og_title":"SUEVIA DRY GIN - Vitzthum Shop","og_description":"Ein reint\u00f6niger Gin mit vorherrschender Wacholdernote, feinherbe Beere mit Citrusankl\u00e4ngen und dezemtem Koriander.","og_url":"https:\/\/rieser-tropfen.de\/shop\/produkt\/suevia-dry-gin\/","og_site_name":"Vitzthum Shop","article_publisher":"https:\/\/www.facebook.com\/vitzthum.destillerie\/?locale=de_DE","article_modified_time":"2023-04-12T13:09:14+00:00","og_image":[{"width":500,"height":600,"url":"https:\/\/rieser-tropfen.de\/shop\/wp-content\/uploads\/2017\/12\/SUEVIA-Gin-dry-shop5.png","type":"image\/png"}],"twitter_card":"summary_large_image","twitter_misc":{"Gesch\u00e4tzte Lesezeit":"1\u00a0Minute"},"schema":{"@context":"https:\/\/schema.org","@graph":[{"@type":"WebPage","@id":"https:\/\/rieser-tropfen.de\/shop\/produkt\/suevia-dry-gin\/","url":"https:\/\/rieser-tropfen.de\/shop\/produkt\/suevia-dry-gin\/","name":"SUEVIA DRY GIN - Vitzthum Shop","isPartOf":{"@id":"https:\/\/rieser-tropfen.de\/shop\/#website"},"primaryImageOfPage":{"@id":"https:\/\/rieser-tropfen.de\/shop\/produkt\/suevia-dry-gin\/#primaryimage"},"image":{"@id":"https:\/\/rieser-tropfen.de\/shop\/produkt\/suevia-dry-gin\/#primaryimage"},"thumbnailUrl":"https:\/\/rieser-tropfen.de\/shop\/wp-content\/uploads\/2017\/12\/SUEVIA-Gin-dry-shop5.png","datePublished":"2017-12-06T16:37:37+00:00","dateModified":"2023-04-12T13:09:14+00:00","breadcrumb":{"@id":"https:\/\/rieser-tropfen.de\/shop\/produkt\/suevia-dry-gin\/#breadcrumb"},"inLanguage":"de","potentialAction":[{"@type":"ReadAction","target":["https:\/\/rieser-tropfen.de\/shop\/produkt\/suevia-dry-gin\/"]}]},{"@type":"ImageObject","inLanguage":"de","@id":"https:\/\/rieser-tropfen.de\/shop\/produkt\/suevia-dry-gin\/#primaryimage","url":"https:\/\/rieser-tropfen.de\/shop\/wp-content\/uploads\/2017\/12\/SUEVIA-Gin-dry-shop5.png","contentUrl":"https:\/\/rieser-tropfen.de\/shop\/wp-content\/uploads\/2017\/12\/SUEVIA-Gin-dry-shop5.png","width":500,"height":600},{"@type":"BreadcrumbList","@id":"https:\/\/rieser-tropfen.de\/shop\/produkt\/suevia-dry-gin\/#breadcrumb","itemListElement":[{"@type":"ListItem","position":1,"name":"Home","item":"https:\/\/rieser-tropfen.de\/shop\/"},{"@type":"ListItem","position":2,"name":"Shop","item":"https:\/\/rieser-tropfen.de\/shop\/shop\/"},{"@type":"ListItem","position":3,"name":"SUEVIA DRY GIN"}]},{"@type":"WebSite","@id":"https:\/\/rieser-tropfen.de\/shop\/#website","url":"https:\/\/rieser-tropfen.de\/shop\/","name":"Vitzthum Shop","description":"handgemachte Beerengeister, Obstbr\u00e4nde und Kr\u00e4uter- sowie Fruchtlik\u00f6re","publisher":{"@id":"https:\/\/rieser-tropfen.de\/shop\/#organization"},"potentialAction":[{"@type":"SearchAction","target":{"@type":"EntryPoint","urlTemplate":"https:\/\/rieser-tropfen.de\/shop\/?s={search_term_string}"},"query-input":{"@type":"PropertyValueSpecification","valueRequired":true,"valueName":"search_term_string"}}],"inLanguage":"de"},{"@type":"Organization","@id":"https:\/\/rieser-tropfen.de\/shop\/#organization","name":"Vitzthum GmbH","url":"https:\/\/rieser-tropfen.de\/shop\/","logo":{"@type":"ImageObject","inLanguage":"de","@id":"https:\/\/rieser-tropfen.de\/shop\/#\/schema\/logo\/image\/","url":"https:\/\/rieser-tropfen.de\/shop\/wp-content\/uploads\/2021\/03\/Logo-Vitzthum-2021-gold.jpg","contentUrl":"https:\/\/rieser-tropfen.de\/shop\/wp-content\/uploads\/2021\/03\/Logo-Vitzthum-2021-gold.jpg","width":149,"height":69,"caption":"Vitzthum GmbH"},"image":{"@id":"https:\/\/rieser-tropfen.de\/shop\/#\/schema\/logo\/image\/"},"sameAs":["https:\/\/www.facebook.com\/vitzthum.destillerie\/?locale=de_DE"]}]}},"_links":{"self":[{"href":"https:\/\/rieser-tropfen.de\/shop\/wp-json\/wp\/v2\/product\/1156","targetHints":{"allow":["GET"]}}],"collection":[{"href":"https:\/\/rieser-tropfen.de\/shop\/wp-json\/wp\/v2\/product"}],"about":[{"href":"https:\/\/rieser-tropfen.de\/shop\/wp-json\/wp\/v2\/types\/product"}],"wp:featuredmedia":[{"embeddable":true,"href":"https:\/\/rieser-tropfen.de\/shop\/wp-json\/wp\/v2\/media\/1196"}],"wp:attachment":[{"href":"https:\/\/rieser-tropfen.de\/shop\/wp-json\/wp\/v2\/media?parent=1156"}],"wp:term":[{"taxonomy":"product_brand","embeddable":true,"href":"https:\/\/rieser-tropfen.de\/shop\/wp-json\/wp\/v2\/product_brand?post=1156"},{"taxonomy":"product_cat","embeddable":true,"href":"https:\/\/rieser-tropfen.de\/shop\/wp-json\/wp\/v2\/product_cat?post=1156"},{"taxonomy":"product_tag","embeddable":true,"href":"https:\/\/rieser-tropfen.de\/shop\/wp-json\/wp\/v2\/product_tag?post=1156"}],"curies":[{"name":"wp","href":"https:\/\/api.w.org\/{rel}","templated":true}]}}