{"id":2051,"date":"2021-04-21T15:37:14","date_gmt":"2021-04-21T13:37:14","guid":{"rendered":"https:\/\/rieser-tropfen.de\/shop\/?post_type=product&#038;p=2051"},"modified":"2023-02-28T16:48:27","modified_gmt":"2023-02-28T15:48:27","slug":"weingaertner-cleebronn-st-m-lemberger","status":"publish","type":"product","link":"https:\/\/rieser-tropfen.de\/shop\/produkt\/weingaertner-cleebronn-st-m-lemberger\/","title":{"rendered":"WEING\u00c4RTNER Cleebronn   St.M Lemberger"},"content":{"rendered":"<form id=\"product_addtocart_form\" action=\"http:\/\/www.vif.de\/index.php\/checkout\/cart\/add\/uenc\/aHR0cDovL3d3dy52aWYuZGUvaW5kZXgucGhwL3NwYXRidXJndW5kZXItYy0yMDE1LWJyLXRyb2NrZW4tYnItdWxpLW1ldHpnZXItcGZhbHouaHRtbA,,\/product\/1909685\/form_key\/JJTY27YQ9IOmVNwL\/\" method=\"post\"><\/form>\n<p><span style=\"color: #de901b; font-size: 14.4px;\">IM TEAM UNSCHLAGBAR\u00a0 &#8230;<\/span><\/p>\n<div class=\"title-subtitle-box \">\n<div class=\"title-subtitle-box \">\n<div class=\"title-subtitle-box \">\n<div class=\"title-subtitle-box \">\n<div class=\"title-subtitle-box \">\n<div class=\"title-subtitle-box \">\n<div class=\"title-subtitle-box \">\n<div class=\"title-subtitle-box \">\n<div class=\"title-subtitle-box \">\n<h1>die Weing\u00e4rtner Cleebronn-G\u00fcgglingen<\/h1>\n<\/div>\n<div class=\"wpb_text_column wpb_content_element \">\n<div class=\"wpb_wrapper\">\n<p>Qualit\u00e4tsstreben steht bei uns an oberster Stelle. Getreu dem Grundsatz \u201eSo behutsam wie m\u00f6glich \u2013 so viel Technik wie n\u00f6tig\u201c begleitet unser Kellermeister Andreas Reichert mit gro\u00dfem Talent und leidenschaftlichem Engagement die Weine auf ihrem Weg zur perfekten Reife. Nur die richtige Kombination aus Fachkenntnis und Feingef\u00fchl gepaart mit der notwendigen Geduld, bringt unverf\u00e4lschte, authentische Rot- und Wei\u00dfweine hervor.<\/p>\n<\/div>\n<\/div>\n<\/div>\n<\/div>\n<\/div>\n<\/div>\n<\/div>\n<\/div>\n<\/div>\n<\/div>\n<p><span style=\"color: #de901b; font-size: 14.4px;\">Fakten \u00fcber Fakten zum &#8230;..<\/span><\/p>\n<div class=\"title-subtitle-box \">\n<div class=\"title-subtitle-box \">\n<div class=\"title-subtitle-box \">\n<div class=\"title-subtitle-box \">\n<div class=\"title-subtitle-box \">\n<div class=\"title-subtitle-box \">\n<div class=\"title-subtitle-box \">\n<div class=\"title-subtitle-box \">\n<div class=\"title-subtitle-box \">\n<h1>Lemberger nur in W\u00fcrttemberg<\/h1>\n<\/div>\n<div class=\"wpb_text_column wpb_content_element vc_custom_1501852650286\">\n<div class=\"wpb_wrapper\">\n<p>Warmes Klima und windgesch\u00fctzte Standorte, da er fr\u00fch austreibt und sp\u00e4t reift. Die Rebe stellt h\u00f6chste Anspr\u00fcche an die Lage und mittlere Anspr\u00fcche an den Boden. Sie gedeiht besonders gut auf tiefgr\u00fcndigen, fruchtbaren L\u00f6\u00df-Lehm-B\u00f6den und bringt mengenm\u00e4\u00dfig gesehen mittlere Ertr\u00e4ge. Die w\u00fcrttembergische Spezialit\u00e4t erreicht in sehr guten Lagen Spitzenqualit\u00e4ten.<\/p>\n<p>Bedeutung<br \/>\nF\u00fcr den Lemberger beobachten wir \u00fcber die zur\u00fcckliegenden Jahre und Jahrzehnte eine allm\u00e4hliche, aber stetige Zunahme der Rebfl\u00e4che. Waren in den achtziger Jahren gerade mal 400 &#8211; 500 Hektar mit dieser Sorte bestockt, so z\u00e4hlten die Statistiker Mitte der 90er Jahre knapp 1.000 Hektar. Derzeit steht der Lemberger bereits auf gut 1.900 Hektar Rebfl\u00e4che (2019). Die Sorte wird nahezu ausschlie\u00dflich von den W\u00fcrttemberger \u201eWeing\u00e4rtnern\u201c angebaut. Dort erreicht sie einen Anteil an der Rebfl\u00e4che von etwa 16%.\u00a0 Quelle: Deutsche Weine.de<\/p>\n<\/div>\n<\/div>\n<\/div>\n<\/div>\n<\/div>\n<\/div>\n<\/div>\n<\/div>\n<\/div>\n<\/div>\n<p>&nbsp;<\/p>\n","protected":false},"excerpt":{"rendered":"<p>Intensiver Duft nach Blaubeeren, Sauerkirschen und Wacholder. Granatrot, w\u00fcrzig und mit eleganter Struktur. Authentisches Gew\u00e4chs mit fantastischer Saftigkeit an jeder Stelle. Zudem ein Grillwein par excellence!<\/p>\n","protected":false},"featured_media":2400,"template":"","meta":[],"product_brand":[],"product_cat":[162,160,60],"product_tag":[183,93,841,178,191,859,122],"class_list":{"0":"post-2051","1":"product","2":"type-product","3":"status-publish","4":"has-post-thumbnail","6":"product_cat-deutschland","7":"product_cat-rotweine","8":"product_cat-weine","9":"product_tag-beerig","10":"product_tag-feinfruchtig","11":"product_tag-lemberger","12":"product_tag-rotwein","13":"product_tag-sommerwein","14":"product_tag-suesse-schwarzkirsche","15":"product_tag-weich","17":"first","18":"instock","19":"shipping-taxable","20":"purchasable","21":"product-type-simple"},"yoast_head":"<!-- This site is optimized with the Yoast SEO plugin v27.5 - https:\/\/yoast.com\/product\/yoast-seo-wordpress\/ -->\n<title>WEING\u00c4RTNER Cleebronn  St.M Lemberger - Vitzthum Shop<\/title>\n<meta name=\"robots\" content=\"index, follow, max-snippet:-1, max-image-preview:large, max-video-preview:-1\" \/>\n<link rel=\"canonical\" href=\"https:\/\/rieser-tropfen.de\/shop\/produkt\/weingaertner-cleebronn-st-m-lemberger\/\" \/>\n<meta property=\"og:locale\" content=\"de_DE\" \/>\n<meta property=\"og:type\" content=\"article\" \/>\n<meta property=\"og:title\" content=\"WEING\u00c4RTNER Cleebronn  St.M Lemberger - Vitzthum Shop\" \/>\n<meta property=\"og:description\" content=\"Intensiver Duft nach Blaubeeren, Sauerkirschen und Wacholder. Granatrot, w\u00fcrzig und mit eleganter Struktur. Authentisches Gew\u00e4chs mit fantastischer Saftigkeit an jeder Stelle. Zudem ein Grillwein par excellence!\" \/>\n<meta property=\"og:url\" content=\"https:\/\/rieser-tropfen.de\/shop\/produkt\/weingaertner-cleebronn-st-m-lemberger\/\" \/>\n<meta property=\"og:site_name\" content=\"Vitzthum Shop\" \/>\n<meta property=\"article:publisher\" content=\"https:\/\/www.facebook.com\/vitzthum.destillerie\/?locale=de_DE\" \/>\n<meta property=\"article:modified_time\" content=\"2023-02-28T15:48:27+00:00\" \/>\n<meta property=\"og:image\" content=\"https:\/\/rieser-tropfen.de\/shop\/wp-content\/uploads\/2021\/04\/WG-CleeGuegg-St.M-Lemberger.jpg\" \/>\n\t<meta property=\"og:image:width\" content=\"500\" \/>\n\t<meta property=\"og:image:height\" content=\"600\" \/>\n\t<meta property=\"og:image:type\" content=\"image\/jpeg\" \/>\n<meta name=\"twitter:card\" content=\"summary_large_image\" \/>\n<meta name=\"twitter:label1\" content=\"Gesch\u00e4tzte Lesezeit\" \/>\n\t<meta name=\"twitter:data1\" content=\"1\u00a0Minute\" \/>\n<script type=\"application\/ld+json\" class=\"yoast-schema-graph\">{\"@context\":\"https:\\\/\\\/schema.org\",\"@graph\":[{\"@type\":\"WebPage\",\"@id\":\"https:\\\/\\\/rieser-tropfen.de\\\/shop\\\/produkt\\\/weingaertner-cleebronn-st-m-lemberger\\\/\",\"url\":\"https:\\\/\\\/rieser-tropfen.de\\\/shop\\\/produkt\\\/weingaertner-cleebronn-st-m-lemberger\\\/\",\"name\":\"WEING\u00c4RTNER Cleebronn St.M Lemberger - Vitzthum Shop\",\"isPartOf\":{\"@id\":\"https:\\\/\\\/rieser-tropfen.de\\\/shop\\\/#website\"},\"primaryImageOfPage\":{\"@id\":\"https:\\\/\\\/rieser-tropfen.de\\\/shop\\\/produkt\\\/weingaertner-cleebronn-st-m-lemberger\\\/#primaryimage\"},\"image\":{\"@id\":\"https:\\\/\\\/rieser-tropfen.de\\\/shop\\\/produkt\\\/weingaertner-cleebronn-st-m-lemberger\\\/#primaryimage\"},\"thumbnailUrl\":\"https:\\\/\\\/rieser-tropfen.de\\\/shop\\\/wp-content\\\/uploads\\\/2021\\\/04\\\/WG-CleeGuegg-St.M-Lemberger.jpg\",\"datePublished\":\"2021-04-21T13:37:14+00:00\",\"dateModified\":\"2023-02-28T15:48:27+00:00\",\"breadcrumb\":{\"@id\":\"https:\\\/\\\/rieser-tropfen.de\\\/shop\\\/produkt\\\/weingaertner-cleebronn-st-m-lemberger\\\/#breadcrumb\"},\"inLanguage\":\"de\",\"potentialAction\":[{\"@type\":\"ReadAction\",\"target\":[\"https:\\\/\\\/rieser-tropfen.de\\\/shop\\\/produkt\\\/weingaertner-cleebronn-st-m-lemberger\\\/\"]}]},{\"@type\":\"ImageObject\",\"inLanguage\":\"de\",\"@id\":\"https:\\\/\\\/rieser-tropfen.de\\\/shop\\\/produkt\\\/weingaertner-cleebronn-st-m-lemberger\\\/#primaryimage\",\"url\":\"https:\\\/\\\/rieser-tropfen.de\\\/shop\\\/wp-content\\\/uploads\\\/2021\\\/04\\\/WG-CleeGuegg-St.M-Lemberger.jpg\",\"contentUrl\":\"https:\\\/\\\/rieser-tropfen.de\\\/shop\\\/wp-content\\\/uploads\\\/2021\\\/04\\\/WG-CleeGuegg-St.M-Lemberger.jpg\",\"width\":500,\"height\":600},{\"@type\":\"BreadcrumbList\",\"@id\":\"https:\\\/\\\/rieser-tropfen.de\\\/shop\\\/produkt\\\/weingaertner-cleebronn-st-m-lemberger\\\/#breadcrumb\",\"itemListElement\":[{\"@type\":\"ListItem\",\"position\":1,\"name\":\"Home\",\"item\":\"https:\\\/\\\/rieser-tropfen.de\\\/shop\\\/\"},{\"@type\":\"ListItem\",\"position\":2,\"name\":\"Shop\",\"item\":\"https:\\\/\\\/rieser-tropfen.de\\\/shop\\\/shop\\\/\"},{\"@type\":\"ListItem\",\"position\":3,\"name\":\"WEING\u00c4RTNER Cleebronn St.M Lemberger\"}]},{\"@type\":\"WebSite\",\"@id\":\"https:\\\/\\\/rieser-tropfen.de\\\/shop\\\/#website\",\"url\":\"https:\\\/\\\/rieser-tropfen.de\\\/shop\\\/\",\"name\":\"Vitzthum Shop\",\"description\":\"handgemachte Beerengeister, Obstbr\u00e4nde und Kr\u00e4uter- sowie Fruchtlik\u00f6re\",\"publisher\":{\"@id\":\"https:\\\/\\\/rieser-tropfen.de\\\/shop\\\/#organization\"},\"potentialAction\":[{\"@type\":\"SearchAction\",\"target\":{\"@type\":\"EntryPoint\",\"urlTemplate\":\"https:\\\/\\\/rieser-tropfen.de\\\/shop\\\/?s={search_term_string}\"},\"query-input\":{\"@type\":\"PropertyValueSpecification\",\"valueRequired\":true,\"valueName\":\"search_term_string\"}}],\"inLanguage\":\"de\"},{\"@type\":\"Organization\",\"@id\":\"https:\\\/\\\/rieser-tropfen.de\\\/shop\\\/#organization\",\"name\":\"Vitzthum GmbH\",\"url\":\"https:\\\/\\\/rieser-tropfen.de\\\/shop\\\/\",\"logo\":{\"@type\":\"ImageObject\",\"inLanguage\":\"de\",\"@id\":\"https:\\\/\\\/rieser-tropfen.de\\\/shop\\\/#\\\/schema\\\/logo\\\/image\\\/\",\"url\":\"https:\\\/\\\/rieser-tropfen.de\\\/shop\\\/wp-content\\\/uploads\\\/2021\\\/03\\\/Logo-Vitzthum-2021-gold.jpg\",\"contentUrl\":\"https:\\\/\\\/rieser-tropfen.de\\\/shop\\\/wp-content\\\/uploads\\\/2021\\\/03\\\/Logo-Vitzthum-2021-gold.jpg\",\"width\":149,\"height\":69,\"caption\":\"Vitzthum GmbH\"},\"image\":{\"@id\":\"https:\\\/\\\/rieser-tropfen.de\\\/shop\\\/#\\\/schema\\\/logo\\\/image\\\/\"},\"sameAs\":[\"https:\\\/\\\/www.facebook.com\\\/vitzthum.destillerie\\\/?locale=de_DE\"]}]}<\/script>\n<!-- \/ Yoast SEO plugin. -->","yoast_head_json":{"title":"WEING\u00c4RTNER Cleebronn  St.M Lemberger - Vitzthum Shop","robots":{"index":"index","follow":"follow","max-snippet":"max-snippet:-1","max-image-preview":"max-image-preview:large","max-video-preview":"max-video-preview:-1"},"canonical":"https:\/\/rieser-tropfen.de\/shop\/produkt\/weingaertner-cleebronn-st-m-lemberger\/","og_locale":"de_DE","og_type":"article","og_title":"WEING\u00c4RTNER Cleebronn  St.M Lemberger - Vitzthum Shop","og_description":"Intensiver Duft nach Blaubeeren, Sauerkirschen und Wacholder. Granatrot, w\u00fcrzig und mit eleganter Struktur. Authentisches Gew\u00e4chs mit fantastischer Saftigkeit an jeder Stelle. Zudem ein Grillwein par excellence!","og_url":"https:\/\/rieser-tropfen.de\/shop\/produkt\/weingaertner-cleebronn-st-m-lemberger\/","og_site_name":"Vitzthum Shop","article_publisher":"https:\/\/www.facebook.com\/vitzthum.destillerie\/?locale=de_DE","article_modified_time":"2023-02-28T15:48:27+00:00","og_image":[{"width":500,"height":600,"url":"https:\/\/rieser-tropfen.de\/shop\/wp-content\/uploads\/2021\/04\/WG-CleeGuegg-St.M-Lemberger.jpg","type":"image\/jpeg"}],"twitter_card":"summary_large_image","twitter_misc":{"Gesch\u00e4tzte Lesezeit":"1\u00a0Minute"},"schema":{"@context":"https:\/\/schema.org","@graph":[{"@type":"WebPage","@id":"https:\/\/rieser-tropfen.de\/shop\/produkt\/weingaertner-cleebronn-st-m-lemberger\/","url":"https:\/\/rieser-tropfen.de\/shop\/produkt\/weingaertner-cleebronn-st-m-lemberger\/","name":"WEING\u00c4RTNER Cleebronn St.M Lemberger - Vitzthum Shop","isPartOf":{"@id":"https:\/\/rieser-tropfen.de\/shop\/#website"},"primaryImageOfPage":{"@id":"https:\/\/rieser-tropfen.de\/shop\/produkt\/weingaertner-cleebronn-st-m-lemberger\/#primaryimage"},"image":{"@id":"https:\/\/rieser-tropfen.de\/shop\/produkt\/weingaertner-cleebronn-st-m-lemberger\/#primaryimage"},"thumbnailUrl":"https:\/\/rieser-tropfen.de\/shop\/wp-content\/uploads\/2021\/04\/WG-CleeGuegg-St.M-Lemberger.jpg","datePublished":"2021-04-21T13:37:14+00:00","dateModified":"2023-02-28T15:48:27+00:00","breadcrumb":{"@id":"https:\/\/rieser-tropfen.de\/shop\/produkt\/weingaertner-cleebronn-st-m-lemberger\/#breadcrumb"},"inLanguage":"de","potentialAction":[{"@type":"ReadAction","target":["https:\/\/rieser-tropfen.de\/shop\/produkt\/weingaertner-cleebronn-st-m-lemberger\/"]}]},{"@type":"ImageObject","inLanguage":"de","@id":"https:\/\/rieser-tropfen.de\/shop\/produkt\/weingaertner-cleebronn-st-m-lemberger\/#primaryimage","url":"https:\/\/rieser-tropfen.de\/shop\/wp-content\/uploads\/2021\/04\/WG-CleeGuegg-St.M-Lemberger.jpg","contentUrl":"https:\/\/rieser-tropfen.de\/shop\/wp-content\/uploads\/2021\/04\/WG-CleeGuegg-St.M-Lemberger.jpg","width":500,"height":600},{"@type":"BreadcrumbList","@id":"https:\/\/rieser-tropfen.de\/shop\/produkt\/weingaertner-cleebronn-st-m-lemberger\/#breadcrumb","itemListElement":[{"@type":"ListItem","position":1,"name":"Home","item":"https:\/\/rieser-tropfen.de\/shop\/"},{"@type":"ListItem","position":2,"name":"Shop","item":"https:\/\/rieser-tropfen.de\/shop\/shop\/"},{"@type":"ListItem","position":3,"name":"WEING\u00c4RTNER Cleebronn St.M Lemberger"}]},{"@type":"WebSite","@id":"https:\/\/rieser-tropfen.de\/shop\/#website","url":"https:\/\/rieser-tropfen.de\/shop\/","name":"Vitzthum Shop","description":"handgemachte Beerengeister, Obstbr\u00e4nde und Kr\u00e4uter- sowie Fruchtlik\u00f6re","publisher":{"@id":"https:\/\/rieser-tropfen.de\/shop\/#organization"},"potentialAction":[{"@type":"SearchAction","target":{"@type":"EntryPoint","urlTemplate":"https:\/\/rieser-tropfen.de\/shop\/?s={search_term_string}"},"query-input":{"@type":"PropertyValueSpecification","valueRequired":true,"valueName":"search_term_string"}}],"inLanguage":"de"},{"@type":"Organization","@id":"https:\/\/rieser-tropfen.de\/shop\/#organization","name":"Vitzthum GmbH","url":"https:\/\/rieser-tropfen.de\/shop\/","logo":{"@type":"ImageObject","inLanguage":"de","@id":"https:\/\/rieser-tropfen.de\/shop\/#\/schema\/logo\/image\/","url":"https:\/\/rieser-tropfen.de\/shop\/wp-content\/uploads\/2021\/03\/Logo-Vitzthum-2021-gold.jpg","contentUrl":"https:\/\/rieser-tropfen.de\/shop\/wp-content\/uploads\/2021\/03\/Logo-Vitzthum-2021-gold.jpg","width":149,"height":69,"caption":"Vitzthum GmbH"},"image":{"@id":"https:\/\/rieser-tropfen.de\/shop\/#\/schema\/logo\/image\/"},"sameAs":["https:\/\/www.facebook.com\/vitzthum.destillerie\/?locale=de_DE"]}]}},"_links":{"self":[{"href":"https:\/\/rieser-tropfen.de\/shop\/wp-json\/wp\/v2\/product\/2051","targetHints":{"allow":["GET"]}}],"collection":[{"href":"https:\/\/rieser-tropfen.de\/shop\/wp-json\/wp\/v2\/product"}],"about":[{"href":"https:\/\/rieser-tropfen.de\/shop\/wp-json\/wp\/v2\/types\/product"}],"wp:featuredmedia":[{"embeddable":true,"href":"https:\/\/rieser-tropfen.de\/shop\/wp-json\/wp\/v2\/media\/2400"}],"wp:attachment":[{"href":"https:\/\/rieser-tropfen.de\/shop\/wp-json\/wp\/v2\/media?parent=2051"}],"wp:term":[{"taxonomy":"product_brand","embeddable":true,"href":"https:\/\/rieser-tropfen.de\/shop\/wp-json\/wp\/v2\/product_brand?post=2051"},{"taxonomy":"product_cat","embeddable":true,"href":"https:\/\/rieser-tropfen.de\/shop\/wp-json\/wp\/v2\/product_cat?post=2051"},{"taxonomy":"product_tag","embeddable":true,"href":"https:\/\/rieser-tropfen.de\/shop\/wp-json\/wp\/v2\/product_tag?post=2051"}],"curies":[{"name":"wp","href":"https:\/\/api.w.org\/{rel}","templated":true}]}}